or of f and 108?
36
Let f(n) = -n**2 - 13*n + 20. Let i = -116 + 105. Let q be f(i). What is the greatest common divisor of 63 and q?
21
Let g = 6448 - 6292. Calculate the greatest common factor of 81 and g.
3
Let k(t) = t**3 - 14*t**2 - 12*t - 41. Let p be k(15). Let m be 24*(9/27 + p). What is the greatest common divisor of 364 and m?
52
Let n(l) be the third derivative of l**4/24 - 5*l**3/6 + 9*l**2. Let r be n(8). Let k be (-198)/r*(-1)/3. Calculate the greatest common divisor of 2 and k.
2
Let j(p) be the first derivative of 12*p**4 - p**3/3 - p**2/2 + 6*p + 54. Let o be j(2). Calculate the greatest common factor of o and 24.
24
Let o = 43 - 38. Suppose -3*b - p = -0*p + 85, -4*b + o*p = 88. Let y = b + 65. Calculate the greatest common factor of 57 and y.
19
Let c be 2/18 + -61*253/(-99). Calculate the greatest common divisor of c and 2496.
156
Let d be ((-4)/(-10))/(34/(-167960)). Let w be 99/(-66)*d/3. Calculate the greatest common divisor of w and 13.
13
Suppose -m + 350 + 134 = 10*m. Let s = -11 + 15. What is the highest common divisor of s and m?
4
Let l be 1/(3/(-178)*86/(-1419)). What is the greatest common factor of l and 22?
11
Let k be 1081008/88 + (12/(-16))/((-99)/(-24)). What is the highest common divisor of 148 and k?
148
Let x = -750 + 1199. Suppose 19*f - 285 = -3*n + 15*f, -5*n + 2*f = -x. What is the highest common divisor of n and 13?
13
Let c = 35324 - 15081. Calculate the highest common factor of c and 31.
31
Let u be ((-76)/(-5))/(-5*14/175). Suppose 7*m - 4*z + 42 = 4*m, -2*m + 5*z - 21 = 0. Let q = m - u. Calculate the greatest common divisor of 8 and q.
4
Let k(j) = j**2 + 26*j - 192. Let h be k(-62). Calculate the highest common factor of 357 and h.
51
Let u be -8*10*(-1)/2. Let f(n) = 55*n + 115. Let v(p) = -p**2 - 77*p - 2. Let x be v(-77). Let g be f(x). What is the greatest common divisor of g and u?
5
Suppose -5*c = -2*g - 64, -3*c + 6*c - 2*g = 36. Let m(v) = -16 + 0*v - 4*v + 7*v. Let r be m(10). Calculate the highest common factor of c and r.
14
Let p be (4/6)/(1/3). Let n(l) = 5*l**p - 2*l - 1 + 2 + 3 + 17*l. Let x be n(-4). Calculate the greatest common factor of 3 and x.
3
Let w be ((-1432)/(-14))/(400/7000). What is the greatest common divisor of w and 20?
10
Let f(o) = 516*o + 5253. Let l be f(-10). Calculate the highest common factor of l and 717.
3
Let y be 17/((-289)/(-31909)) - 1. Calculate the greatest common divisor of 28 and y.
28
Let l be (0 - (4 - (-68248)/(-44))) + (-10)/110. What is the highest common divisor of 884 and l?
221
Let o be 5*(-8 - -4031)*(6/(-18) - -1). What is the highest common factor of 135 and o?
45
Let m(x) = -x**3 + 87*x + 6*x**2 - 14 - 43*x - 42*x. Let w be m(6). Let c be 182*(-3 + 4) + w. What is the greatest common factor of c and 36?
36
Suppose 8*n = 9*n - 2. Suppose 0 = -n*u - 5*u + 21. Suppose 5 = 2*f + u*s, 2*f = 6*f + s - 25. What is the greatest common factor of f and 63?
7
Suppose 42*g - 507 - 681 = 15*g. What is the highest common factor of 4092 and g?
44
Let m = 18831 - 18083. What is the greatest common divisor of 187 and m?
187
Let f be (15/2)/((-12)/(-48)*-9)*-6. Calculate the greatest common divisor of f and 13060.
20
Let o(j) be the third derivative of 24*j**2 + 0*j + 0 + 0*j**3 + 25/12*j**4. Let y be o(11). Calculate the highest common factor of y and 50.
50
Suppose 8 = -4*i + 3*i. Let v(c) = 88*c - 113. Let t be v(2). Let n = i + t. What is the highest common divisor of n and 5?
5
Suppose -71 + 18 = -5*j - n, 0 = -4*j - 5*n + 55. Suppose 0 = -4*f - j + 2, -3*v - 3*f = 0. Calculate the highest common divisor of v and 8.
2
Suppose -72191 - 32468 = -48*q - 13843. What is the greatest common factor of q and 66?
22
Let w be (-462)/(-4)*(28 - (2 + -24)). What is the highest common divisor of 495 and w?
165
Let q(c) = 24*c - 25. Let x be q(5). Suppose x*t - 102*t + 28 = 0. What is the greatest common divisor of 4 and t?
4
Let t be (-7)/(140/12)*-1830. What is the greatest common factor of t and 488?
122
Suppose 4*i = -2*x + 248, 2*i = -2*x + 172 - 48. Let l = i - 40. Suppose 5*r = 4*p + l, -r - 2*r + 5*p + 21 = 0. What is the greatest common divisor of 8 and r?
2
Let u(q) = -234*q + 119*q + 119*q + 30. Let m be u(-7). Calculate the greatest common factor of 46 and m.
2
Let j = 4402 + 7168. What is the highest common divisor of 26 and j?
26
Let j be 26/3*-1*33/(-11). Let o = 235 - -92. Let m = o + -197. Calculate the highest common factor of j and m.
26
Let p be 93*15*-9*(-10)/150. What is the greatest common factor of p and 81?
27
Suppose 15*y + 13*y + 3216 = 52*y. What is the highest common factor of y and 16?
2
Let b(r) = -16*r - 1253. Let t be b(-91). What is the highest common factor of t and 224?
7
Let g be 993 - (3 + (-9 - 4)). Calculate the greatest common factor of 177 and g.
59
Let b = 250 - 198. Suppose 2*z - 172 = -5*q, 0*z - 5*z - 165 = -5*q. Let d = 47 - q. What is the highest common divisor of b and d?
13
Let f = -1073 + 2315. What is the highest common divisor of 230 and f?
46
Suppose -251*l - 3 = -248*l. Let y be -6 + 15 + -1 + -2 + l. What is the highest common factor of y and 40?
5
Let q be 48/(-120) + (-104)/(-10). Let s(v) = -3*v**2 - 22*v - 4. Let n be s(-6). What is the highest common divisor of q and n?
10
Let p = 1984 + -1806. What is the greatest common factor of p and 445?
89
Let s = 0 + 0. Suppose 0 = -5*f - 2*j - 2, 3*f - 7*j + 3*j - 4 = s. Suppose f*x = -x + 385. Calculate the highest common divisor of 35 and x.
35
Let b be (-2 - -1)*-6 + 875100/300. What is the greatest common divisor of 37 and b?
37
Let g be (-36)/(-90)*(-6000)/(-2). Let k = g + -656. What is the greatest common factor of k and 51?
17
Let o(p) be the second derivative of -1/2*p**3 - 5/12*p**4 - 1/20*p**5 + 0 + 18*p - 5*p**2. Let s be o(-5). What is the highest common divisor of s and 55?
5
Suppose 14*t + 721 = 18*t - 3*q, 3*q = 15. Calculate the greatest common divisor of t and 56.
8
Let a(b) = b**3 + 27*b**2 - 327*b - 51. Let f be a(-36). What is the highest common divisor of f and 7809?
57
Suppose -21620 = -12*t - 5*j, -4497 = -4*t + j + 2699. What is the greatest common factor of t and 216?
72
Let m = 30 + -9. Let k(v) = -v**3 - 9*v**2 - 11*v - 11. Let h be k(-8). Let d be h/(-26) - 381/(-6). Calculate the highest common factor of d and m.
21
Let o(x) = -32*x - 29. Let m be o(-99). What is the greatest common factor of m and 657?
73
Let n(i) be the third derivative of i**6/120 - 3*i**5/20 - 7*i**4/12 + 17*i**3/2 + 7*i**2 - 6. Let m be n(12). What is the greatest common divisor of m and 135?
45
Suppose 2*w - 98 = -0*w. Let o = w - 21. Let n = o + -26. What is the greatest common factor of n and 2?
2
Let w be (-14)/(-119) - (9531/(-51) - -3). Suppose 3 = z, -s - 6*z + 3*z = -w. Calculate the greatest common divisor of s and 70.
35
Let u(l) = l**3 + 20*l**2 - 28*l - 9. Let f be u(-21). What is the highest common divisor of f and 48?
6
Let u = -493 - -31. Let v = u - -654. What is the greatest common factor of 12 and v?
12
Suppose 2*l - 17 = -9. Let x be (132/8)/(2/l). Calculate the highest common divisor of x and 99.
33
Suppose 1533 - 192 = 9*p. Suppose -8*f = -67 - p. Suppose 108 = -0*l + 4*l. What is the greatest common factor of f and l?
27
Let j = 106 + 180. Suppose 2*f - 123 = 3*z, 5*f + 3*z - 121 = 218. Calculate the highest common factor of j and f.
22
Let p be (-1 + 37)*(6 + (-4)/2). What is the greatest common factor of 9 and p?
9
Let y = 6149 + -4621. Calculate the greatest common divisor of 32 and y.
8
Suppose c = -3*x + 65, 2*x + x - 2*c = 59. Let u be -2 + 1 - (-2 - x). Calculate the greatest common divisor of 286 and u.
22
Let o(m) = -3*m**3 - 3*m**2 - 40. Let l be o(-5). Calculate the highest common divisor of l and 3835.
65
Suppose -7*k + 392 = 21*k. Suppose -k*u + 1120 = 14*u. Calculate the greatest common divisor of u and 128.
8
Let w be -1 + (86 + -2)/2. Let j(v) = -v + 231. Let a be j(26). What is the highest common divisor of a and w?
41
Let k(q) = 3*q - 62. Let i be k(22). Let f be ((-16)/6)/i*57/(-1). What is the highest common divisor of 2 and f?
2
Let v(c) = 301*c**2 + 20*c - 231. Let r be v(4). What is the highest common divisor of 15 and r?
15
Suppose -127*l + 627916 = -462379. What is the highest common factor of l and 255?
85
L